17088.
416
What is the greatest common divisor of 2727 and 1111?
101
Calculate the highest common factor of 1939 and 469.
7
Calculate the greatest common divisor of 536744 and 32.
8
What is the greatest common divisor of 11 and 26103?
11
What is the greatest common divisor of 47998 and 6058?
466
What is the highest common factor of 10 and 393710?
10
What is the greatest common divisor of 9848 and 166185?
1231
Calculate the highest common factor of 99744 and 96.
96
What is the highest common divisor of 1024 and 19856?
16
What is the greatest common factor of 3393 and 32625?
261
What is the greatest common factor of 465 and 1532640?
465
Calculate the highest common factor of 33530 and 280.
70
What is the highest common factor of 200 and 644928?
8
Calculate the greatest common factor of 349218 and 270.
54
What is the highest common factor of 33 and 97521?
3
What is the highest common divisor of 14476 and 347732?
308
What is the highest common factor of 2784 and 42572?
116
Calculate the highest common divisor of 2001 and 408871.
667
Calculate the highest common factor of 50 and 58800.
50
Calculate the highest common factor of 1518 and 2354.
22
Calculate the greatest common factor of 16265 and 915.
5
What is the greatest common factor of 235068 and 228?
228
What is the highest common divisor of 1624 and 2183468?
812
What is the highest common divisor of 346458 and 1752?
438
Calculate the highest common factor of 518 and 752654.
518
What is the greatest common factor of 2162 and 178158?
46
Calculate the greatest common divisor of 310 and 40765.
155
What is the greatest common divisor of 42885 and 5?
5
What is the greatest common factor of 275758 and 14?
14
Calculate the highest common divisor of 1284 and 9981174.
642
What is the highest common factor of 14 and 1326906?
14
What is the highest common factor of 4635 and 549?
9
What is the greatest common factor of 18 and 1098?
18
What is the highest common divisor of 720 and 137685?
15
What is the highest common divisor of 5 and 17345?
5
What is the greatest common factor of 6944 and 5859?
217
What is the greatest common divisor of 112912 and 112?
16
Calculate the highest common factor of 7248 and 11929.
151
Calculate the greatest common factor of 34 and 86479.
17
Calculate the highest common divisor of 126 and 13097.
7
What is the greatest common divisor of 11038 and 82?
2
Calculate the greatest common divisor of 16526852 and 244.
244
Calculate the highest common divisor of 5736 and 703377.
717
What is the highest common factor of 84689 and 2981?
11
What is the highest common divisor of 135456 and 5478?
498
Calculate the greatest common factor of 38 and 7374.
2
What is the greatest common factor of 306299 and 1081?
47
Calculate the highest common factor of 47450 and 2263.
73
Calculate the highest common divisor of 42 and 164997.
21
Calculate the highest common divisor of 285 and 10864485.
285
What is the greatest common divisor of 6336 and 7104?
192
What is the greatest common factor of 621 and 684135?
207
What is the highest common factor of 624 and 22776?
312
What is the greatest common divisor of 560 and 112?
112
Calculate the greatest common factor of 10034 and 4698.
58
Calculate the greatest common factor of 3731 and 910.
91
Calculate the greatest common divisor of 4270 and 590541.
427
What is the greatest common factor of 620 and 673940?
620
Calculate the highest common divisor of 2695 and 615538.
539
What is the greatest common divisor of 4 and 88780?
4
What is the greatest common divisor of 126 and 407718?
18
Calculate the greatest common divisor of 208 and 3614.
26
What is the highest common divisor of 912 and 30192?
48
What is the greatest common factor of 25758 and 127518?
318
Calculate the highest common divisor of 699 and 82249.
233
What is the highest common factor of 3713 and 711?
79
Calculate the greatest common factor of 1716 and 9984.
156
What is the highest common divisor of 6318 and 9954?
18
What is the greatest common divisor of 11150 and 342974?
446
Calculate the greatest common divisor of 100868 and 48924.
604
Calculate the greatest common divisor of 12 and 11460.
12
Calculate the greatest common factor of 464 and 12122.
58
What is the highest common divisor of 43343 and 267?
89
Calculate the greatest common divisor of 4843 and 75661.
29
Calculate the highest common factor of 107536 and 19928.
376
Calculate the greatest common divisor of 25168 and 132.
44
Calculate the greatest common factor of 14 and 13706.
14
What is the greatest common divisor of 1295 and 370?
185
What is the highest common factor of 435244 and 3728?
932
Calculate the highest common divisor of 5440 and 201620.
340
What is the greatest common factor of 375 and 1107?
3
Calculate the greatest common divisor of 592 and 62456.
296
Calculate the highest common factor of 440 and 53420.
20
What is the highest common factor of 24 and 173112?
24
Calculate the greatest common divisor of 21743 and 68.
17
What is the greatest common factor of 55874 and 52?
26
What is the greatest common divisor of 11546 and 989?
23
Calculate the greatest common divisor of 43032 and 4332.
12
Calculate the highest common factor of 6 and 5712666.
6
Calculate the highest common divisor of 10353798 and 54.
54
What is the highest common factor of 30585 and 15?
15
What is the greatest common factor of 940 and 3860?
20
What is the highest common divisor of 7332 and 26?
26
What is the highest common divisor of 54 and 2250?
18
What is the greatest common factor of 12 and 109488?
12
Calculate the highest common divisor of 2281068 and 108.
108
Calculate the highest common factor of 4473 and 5166.
63
Calculate the greatest common divisor of 8666 and 224.
14
What is the highest common factor of 121882 and 596?
298
Calculate the highest common divisor of 9 and 2668203.
9
Calculate the greatest common divisor of 7928 and 104.
8
Calculate the greatest common divisor of 2298 and 24.
6
What is the greatest common divisor of 69675 and 105?
15
Calculate the greatest common divisor of 575210 and 34920.
970
What is the greatest common divisor of 6150 and 8800?
50
What is the greatest common divisor of 29982 and 285?
57
What is the highest common factor of 2452236 and 12?
12
What is the greatest common factor of 1772932 and 644?
644
Calculate the greatest common divisor of 3991936 and 6656.
1664
What is the highest common divisor of 359786 and 62?
62
Calculate the greatest common divisor of 2848224 and 72.
24
Calculate the highest common factor of 3933 and 747.
9
What is the greatest common factor of 378259 and 7?
7
What is the greatest common factor of 1480 and 69930?
370
Calculate the greatest common divisor of 65316 and 12.
12
What is the greatest common factor of 966 and 1126272?
42
Calculate the highest common divisor of 21359 and 29016.
403
What is the greatest common divisor of 280 and 1090?
10
Calculate the highest common factor of 281 and 808999.
281
Calculate the greatest common factor of 210466 and 376.
94
Calculate the highest common divisor of 26065 and 1816530.
2005
What is the highest common factor of 3600 and 56100?
300
What is the greatest common divisor of 2535 and 39780?
195
Calculate the greatest common factor of 139282 and 8866.
286
Calculate the greatest common factor of 8253 and 655.
131
What is the highest common factor of 513 and 59679?
171
Calculate the greatest common divisor of 28 and 250159.
7
What is the greatest common divisor of 8 and 104092?
4
What is the greatest common divisor of 315 and 2583?
63
Calculate the highest common factor of 5353 and 424.
53
What is the highest common divisor of 89661 and 418?
209
Calculate the highest common divisor of 86 and 1416549.
43
What is the highest common factor of 1974195 and 405?
45
What is the greatest common factor of 33709 and 65?
13
What is the highest common divisor of 45 and 276795?
45
What is the greatest common factor of 13132 and 1708?
28
What is the greatest common divisor of 4292 and 25382?
74
Calculate the highest common factor of 1544 and 1739316.
772
What is the highest common factor of 8689871 and 389?
389
What is the highest common factor of 7843 and 184?
23
Calculate the highest common divisor of 5467 and 63261.
781
What is the greatest common factor of 1600 and 50?
5